 53. What is the units digit of h(-10)?
7
What is the units digit of 2659 + -104 + 13 + 0?
8
Let c be -34 - ((0 - -1) + -1). Let w = -57 + c. Let o = -53 - w. What is the tens digit of o?
3
Suppose m + 15 = 4*m. Suppose m + 1 = 3*v. Suppose -v*b + 58 = 2*n, -6*n + 120 = -2*n + 2*b. What is the units digit of n?
1
Suppose -3*h + 6750 = 4*x, -x - 4*h + 1683 = -h. What is the hundreds digit of x?
6
Suppose 56*c - 5440 = 46*c. What is the units digit of c?
4
Let d = 371 - 39. What is the tens digit of d?
3
Suppose 7*d = 3*d. What is the tens digit of -2*(d - (12 + 1))?
2
Let b = 1 - -10. Suppose -17*x + 4057 = b. What is the units digit of x?
8
Let b(w) = 4 + 4*w**2 + w**3 + 83*w - 83*w. Let r be b(-4). Suppose l = r*l - 132. What is the units digit of l?
4
Let d be ((-6)/6)/(3*(-3)/(-513)). Let u = d - -111. What is the tens digit of u?
5
Let o be (-12)/(-16)*(39 - 3). What is the tens digit of 873/o + (-3)/9?
3
Suppose -b - 15 = -0*u - 5*u, u - 4*b - 22 = 0. Let d be -2 - -3 - (-1 - 0). Let c = d + u. What is the units digit of c?
4
Let w be (-75)/6*(-60)/(-25). Let i = w + 36. What is the units digit of i?
6
Let j = 373 - 251. Suppose 606 = 4*g + j. What is the units digit of g?
1
What is the tens digit of (64/128)/((-2)/(-11784))?
4
Suppose -r + 326 = r. Let q = r - 66. What is the tens digit of q?
9
Let o(i) = 11*i**3 + i**2 - 2*i. What is the tens digit of o(2)?
8
Let i = 125 + -129. What is the tens digit of i*(1114/(-40) + (-8)/20)?
1
Let n be (-6)/(-21) - 2/7. Suppose n*j = -2*j - 16. Let l = j - -25. What is the units digit of l?
7
Let y(i) = 177*i**2 - 59*i + 186. What is the units digit of y(3)?
2
Let i(j) = -j**2 + 8*j - 7. Let v be i(8). Let s = v + 9. Let h(z) = 3*z**3 + z**2 + 2*z - 3. What is the tens digit of h(s)?
2
Suppose 2*c - 987 = -5*z - 380, 0 = -4*z + 5*c + 512. What is the hundreds digit of z?
1
Suppose 5*b + i + 4*i - 2055 = 0, 5*i - 1641 = -4*b. What is the tens digit of b?
1
Suppose 4*y - 3*y + 3 = 0. Let x be (-1 + 2)/(y/(-15)). Suppose 0 = -x*k - 4*z + 97, 4*k - 109 = 3*z - 19. What is the tens digit of k?
2
Suppose -37*c + 15086 = -18*c. What is the hundreds digit of c?
7
Let d = 36 - 6. Suppose d + 1 = p. Suppose 2*a = 3*a - p. What is the units digit of a?
1
Let w = 548 + -275. Suppose 5*r - 407 - w = 0. What is the hundreds digit of r?
1
Suppose 0 = 5*j + 4*h + 17, 0*h - 4*h - 14 = 2*j. Let b be (26/(-10))/(j/5). Let c = b - -8. What is the tens digit of c?
2
Suppose -2*j = -0*j - 6. What is the units digit of j?
3
Let t = 19 - 4. Suppose 8 + 17 = 5*b, 3*b = 5*u + t. Suppose -c + 41 = -u*c. What is the units digit of c?
1
Suppose -v = -3*j, 0 = 3*v - 0*v - 2*j - 7. Let b(c) = 4 + 4*c + v*c**2 - c + 3*c + 1. What is the tens digit of b(-4)?
2
Let b = -47 - -54. Suppose -b*t + 1458 = 2*t. What is the tens digit of t?
6
Let v be (-10)/45 - 146/(-9). Let x = v - 19. What is the units digit of x + 2 + 16 + -6?
9
Let d = 282 + -301. Suppose 2*y - 80 - 6 = 0. Let l = y + d. What is the tens digit of l?
2
Let y be 11*(0 - (-2)/2). Let d(g) = g - 13. Let p be d(y). Let h(m) = 3*m**2 + m. What is the tens digit of h(p)?
1
Suppose 0 = s - 3*s - 5*u + 28, -u + 20 = 4*s. Suppose -44 = -5*k - 4*v + 5*v, s*v = 4. Suppose 17 + k = 2*j. What is the tens digit of j?
1
Let w(n) = -n**3 + 16*n**2 + 49*n - 7. What is the units digit of w(18)?
7
Suppose 10*i = 18488 + 10262. What is the tens digit of i?
7
Let g(v) be the first derivative of v**3/3 + 5*v**2/2 + 4*v - 1. Let q = 120 + -125. What is the units digit of g(q)?
4
Let t be 6/(-27) + (-444)/(-54). Suppose 14*x - t = 13*x. What is the units digit of x?
8
Let w be (12 - 3)*(1 - 0) - 4. Suppose -w*o + 532 + 343 = 0. What is the hundreds digit of o?
1
Let x be (8268/(-51) + (-8)/(-68))/(-2). Let b = -44 + x. What is the units digit of b?
7
Suppose 53*g - 107*g = -85158. What is the thousands digit of g?
1
Let k be 0 - (-1 + -1)/(-2). Let m(l) = 23*l. Let c be m(k). What is the units digit of (-10)/(-30) - c/3?
8
Suppose 8*s = 20033 + 5679. What is the tens digit of s?
1
Let p(q) = 3*q**2 + q + 22. What is the units digit of p(-4)?
6
Let c be (18/4)/((-1)/(-2)). Suppose 0 = -5*i + c + 51. What is the units digit of (-41)/(-2) + (-6)/i?
0
Let s(z) = -z + 6. Let m be s(3). Suppose 115 + 131 = -m*r. Let y = -55 - r. What is the units digit of y?
7
Suppose 13637 = 37*m - 24*m. What is the tens digit of m?
4
Let u(a) be the third derivative of -11*a**4/8 + 17*a**3/6 - 11*a**2. What is the tens digit of u(-2)?
8
What is the hundreds digit of (8 + -9)/(2 - 3)*921?
9
Let z be 6*4/(-6)*1/2. What is the tens digit of (-20*(-4)/8 - z)/1?
1
Suppose 9*d + 35 = 4*d. Let k be (2/d)/(18/(-378)). What is the tens digit of (-44)/k*(-18)/12?
1
Let z(j) = 24*j - 25. Let m be z(11). Suppose 0*h + h - m = 0. What is the units digit of h?
9
Let m(d) = 45*d. Suppose -6*g + 15 = -g. Suppose -g*l + 0*l = -3. What is the tens digit of m(l)?
4
Suppose 4*c - 3*g - 55 = -0*g, 0 = 4*c - g - 45. Let b = c - 13. What is the units digit of 26 - (b/1 - -6)?
3
Let j(o) = o**2 - 52*o + 279. Let y be j(6). Suppose -3*f + 56 = -148. Suppose -y*g + f = g. What is the units digit of g?
7
Suppose 2*i + 2*n = i + 408, -3*n = 4*i - 1657. What is the tens digit of i?
1
Let p be 18/(-30) - (808/(-5) + 1). Suppose 5*x - 3*y + 5*y = 379, -2*y - p = -2*x. What is the units digit of x?
7
Let u(h) = 10*h**2 - 3*h + 3. Let d(v) = -v - 8. Let o(s) = s - 19. Let m be o(9). Let c be d(m). What is the units digit of u(c)?
7
Suppose -2*y = -0*j - 4*j + 572, -3*j + 439 = -4*y. Suppose -j = -5*b + 104. What is the tens digit of b?
4
Let d(i) be the third derivative of i**4/8 - i**3/2 + 3*i**2. What is the units digit of d(12)?
3
Suppose 2*p = 3*w - 1007 - 2741, 2*w - 2486 = -5*p. What is the hundreds digit of w?
2
Suppose 7 - 1 = 3*a. Suppose f = 3*f - 8, -a*y = -f + 4. Suppose y = l + 3*b - 5 + 2, -3*l + 3*b + 21 = 0. What is the units digit of l?
6
Let m be -138 - ((-4)/20 - 1/(-5)). Let v = -75 - m. What is the tens digit of v?
6
Let q = 89 - 83. Suppose -2496 = -2*t - q*t. What is the tens digit of t?
1
Suppose -k + 1 = 3, -4*k + 754 = 3*u. What is the tens digit of u?
5
Let o be 2/(16/(-12) - -2). Suppose -o*p + 110 = -79. What is the units digit of p?
3
Let j be (-4 + 3)/((-3)/12). Suppose 3*u = j*u + 2*n - 223, -3*u + 680 = -5*n. Suppose 10*s - 15*s = -u. What is the tens digit of s?
4
What is the tens digit of 25270/13 - 1/((-182)/28)?
4
What is the units digit of ((-604)/(-5))/((-48)/(-120)) + 0?
2
Let u(y) = 32*y**2 - 10*y - 23. What is the tens digit of u(-4)?
2
What is the hundreds digit of 3/(-6) - 1762/(-4)?
4
Let x = -101 + 106. What is the units digit of (-246)/(-4) + x/10?
2
Let l = -21 - -25. Suppose -3*t - 2*i = -11 - 15, -4*t + l*i = -28. What is the units digit of t?
8
Let c = 12 + 15. Suppose 49 = 4*q - c. What is the units digit of q?
9
Let g be ((-20)/15)/((-4)/72). Suppose -48 = -4*s - i, -2*s - i = -5*i - g. What is the tens digit of s?
1
Let r be (-6)/9 - (-310)/15. Suppose -n - r = 42. Let h = -27 - n. What is the units digit of h?
5
Let m = -227 - -571. Let a = -245 + m. What is the units digit of a?
9
Let c = -108 - -335. What is the units digit of c?
7
Suppose n = 5*s + 4391, n - 3202 = -4*s + 1225. What is the tens digit of n?
1
Suppose -t - 196 = 2*i, -5*t - 4*i - 1019 = -7*i. What is the tens digit of -2 + 4/2 - t?
0
Suppose 4*j + p - 124 = -28, -4*j = -5*p - 72. Suppose 5*c = 2 + j. Suppose 0 = c*f - 97 - 203. What is the units digit of f?
0
Suppose -3*b + 40 = 4*w, -10 = 3*w - 4*w + 3*b. Let u = w - 10. Suppose u = -2*l + 3*l - 13. What is the units digit of l?
3
Let r be 22 - (0 - 1 - 1). Suppose 0 = 53*k - 58*k + 10. What is the tens digit of 1*(k + -5) + r?
2
Let u(j) = 40*j**2 + 12*j - 91. What is the hundreds digit of u(6)?
4
Suppose -5*p - 3*v - v = -1330, 3*p = -4*v + 798. What is the tens digit of p?
6
Let f = 858 + -294. What is the units digit of f?
4
Suppose 2248 = 5*h - 4*y, 1354 = 3*h - 6*y + y. What is the units digit of h?
8
Suppose -10 = 10*f + 40. Let p(l) = 4*l**2 + 2*l - 10. What is the units digit of p(f)?
0
What is the tens digit of 69/(7/(42/9))?
4
Suppose -b = -5*n + 1405, -b - 62 = 3*n - 905. What is the tens digit of n?
8
Let b(d) = -d**2 - 40*d + 94. What is the tens digit